{"id":195,"date":"2023-10-12T15:55:13","date_gmt":"2023-10-12T15:55:13","guid":{"rendered":"https:\/\/halddesign.dk\/?page_id=195"},"modified":"2023-10-12T15:55:15","modified_gmt":"2023-10-12T15:55:15","slug":"om-hald-design","status":"publish","type":"page","link":"https:\/\/halddesign.dk\/?page_id=195","title":{"rendered":"Om Hald Design"},"content":{"rendered":"\n<p><strong>FRI FANTASI OG KREATIVITET<\/strong><\/p>\n\n\n\n<p><\/p>\n\n\n\n<p><strong>MIN PAPIR-PASSION STARTEDE KORT F\u00d8R KL. 10.00, DEN 04. APRIL 2016<\/strong><\/p>\n\n\n\n<p>\u2013 kort f\u00f8r min \u00e6ldste s\u00f8n skulle konfirmeres. Dengang ville jeg overraske ham med en s\u00e6rlig gave og st\u00f8dte p\u00e5 det amerikanske f\u00e6nomen \u201dscrapbooking\u201d.<\/p>\n\n\n\n<p>Dermed var en hobby f\u00f8dt \u2013 en passion, som hurtigt blev en form for terapi: Tid og sted forsvandt, og jeg befandt mig i en anden verden, n\u00e5r jeg sad med mit papir.<\/p>\n\n\n\n<p>F\u00f8rst lavede jeg kort, gavem\u00e6rker og festpakker med invitationer, bordkort og menuer p\u00e5 bestilling. Id\u00e9en med stjernen opstod, da en veninde \u00f8nskede sig en helt unik stjerne.&nbsp;Da satte jeg mig for at designe en smuk, h\u00e5ndfoldet stjerne, som har dybde og er b\u00e5de stilren og enkel.<\/p>\n\n\n\n<p>Min veninde blev meget glad for den. Stjernen blev beundret og blev hurtigt sat i produktion. I dag er mange flere design kommet til, og alle h\u00e5ndlaves i vores egne lokaler, hvor vi ogs\u00e5 har arbejdspladser for udsatte med s\u00e6rlige behov.<\/p>\n\n\n\n<p><\/p>\n\n\n\n<p><strong>OM HALD DESIGN<\/strong><strong><\/strong><\/p>\n\n\n\n<ul class=\"wp-block-list\">\n<li>Kvinden bag er Pia Hald \u2013 kreat\u00f8r og ildsj\u00e6l<\/li>\n\n\n\n<li>Forhandles af udvalgte designerbutikker, blomsterbutikker og specialbutikker med danske specialiteter<\/li>\n\n\n\n<li>Hald Design h\u00e5ndbygger hele tiden nye design. V\u00e6r den f\u00f8rste til at h\u00f8re om dem: <em>(link til Instagram \/ Facebook \/ Pinterest)<\/em><\/li>\n<\/ul>\n","protected":false},"excerpt":{"rendered":"<p>FRI FANTASI OG KREATIVITET MIN PAPIR-PASSION STARTEDE KORT F\u00d8R KL. 10.00, DEN 04. APRIL 2016 \u2013 kort f\u00f8r min \u00e6ldste s\u00f8n skulle konfirmeres. Dengang ville jeg overraske ham med en s\u00e6rlig gave og st\u00f8dte p\u00e5 det amerikanske f\u00e6nomen \u201dscrapbooking\u201d. Dermed var en hobby f\u00f8dt \u2013 en passion, som hurtigt blev [&hellip;]<\/p>\n","protected":false},"author":2,"featured_media":0,"parent":0,"menu_order":0,"comment_status":"closed","ping_status":"closed","template":"","meta":{"footnotes":""},"class_list":["post-195","page","type-page","status-publish","hentry"],"_links":{"self":[{"href":"https:\/\/halddesign.dk\/index.php?rest_route=\/wp\/v2\/pages\/195","targetHints":{"allow":["GET"]}}],"collection":[{"href":"https:\/\/halddesign.dk\/index.php?rest_route=\/wp\/v2\/pages"}],"about":[{"href":"https:\/\/halddesign.dk\/index.php?rest_route=\/wp\/v2\/types\/page"}],"author":[{"embeddable":true,"href":"https:\/\/halddesign.dk\/index.php?rest_route=\/wp\/v2\/users\/2"}],"replies":[{"embeddable":true,"href":"https:\/\/halddesign.dk\/index.php?rest_route=%2Fwp%2Fv2%2Fcomments&post=195"}],"version-history":[{"count":1,"href":"https:\/\/halddesign.dk\/index.php?rest_route=\/wp\/v2\/pages\/195\/revisions"}],"predecessor-version":[{"id":197,"href":"https:\/\/halddesign.dk\/index.php?rest_route=\/wp\/v2\/pages\/195\/revisions\/197"}],"wp:attachment":[{"href":"https:\/\/halddesign.dk\/index.php?rest_route=%2Fwp%2Fv2%2Fmedia&parent=195"}],"curies":[{"name":"wp","href":"https:\/\/api.w.org\/{rel}","templated":true}]}}